29. What is the greatest common factor of b and v?
10
Let g(y) = -y**2 + 17*y + 14. Let m(a) = a**3 - 7*a**2 + 9*a - 2. Let b be m(6). Let n be g(b). Calculate the highest common divisor of n and 3.
3
Let i be (14/21)/(1/24). Let k be (-6)/(-4)*4/3. Let m(j) = 23*j**3 - 2*j**2. Let c be m(k). What is the greatest common factor of c and i?
16
Let p be (-11)/((-11)/50) + 5. What is the greatest common divisor of p and 55?
55
Let h(l) = l**3 - 5*l**2 - 4*l - 4. Let j be h(5). Suppose -5*g - 25 - 50 = 0. Let w = g - j. What is the highest common divisor of w and 99?
9
Let i be -2 - (-1 - 0) - -45. Suppose -1 - i = -2*x - h, 2*x - 3*h - 41 = 0. Calculate the highest common factor of x and 11.
11
Let r be (-155 + 1)*4*-1. Suppose -4*i + r = -0*i. Let k be (21/(-2))/(12/(-16)). What is the greatest common factor of k and i?
14
Let u be 22/1 + (1 - -1). Calculate the greatest common factor of 3 and u.
3
Suppose 5*b - 45 = -4*m, -13 = -m - 5*b + 2*b. What is the highest common factor of 110 and m?
10
Let z(k) = k**2 + 2*k + 36. Let b be z(0). Calculate the highest common factor of b and 27.
9
Let p(k) = 2*k**2 + 45*k + 28. Let a be p(-25). What is the greatest common factor of 17 and a?
17
Suppose -2*h - 3*k + 270 - 72 = 0, 0 = -4*h + 4*k + 436. Calculate the highest common divisor of 84 and h.
21
Let j(m) = 7*m**2 + 11*m - 6. Let a be j(-5). What is the highest common divisor of 38 and a?
38
Let h be (2/(-4))/(1/(-2)). Let d = 43 - 31. Let x = -5 + d. What is the highest common factor of h and x?
1
Let b = 49 - -23. What is the highest common factor of b and 8?
8
Suppose 4*x = -0 + 20, -3*x = -a + 55. What is the highest common divisor of a and 10?
10
Suppose -427 = -5*f + 288. Let t = -17 - -30. Calculate the highest common factor of f and t.
13
Let a(c) = -c**3 + 5*c**2 - 4*c + 2. Let i be a(2). Suppose 0 = 3*p - i. Suppose -6*t + 56 = -2*t. Calculate the greatest common factor of p and t.
2
Let r be ((-6)/2 + 27)*9. Calculate the highest common factor of r and 24.
24
Suppose -2*t = 5*x + 33 - 167, x + 4*t = 34. What is the highest common factor of x and 65?
13
Let w(q) = 2*q**2 + 2*q - 1. Let b be w(-2). What is the greatest common factor of 9 and b?
3
Let m(u) = u + 13. Let d be m(-7). Calculate the highest common divisor of 9 and d.
3
Let m = 7 + -7. Let f be (m - (0 + -3)) + 1. Suppose -f*g + 18 = -22. What is the greatest common factor of 20 and g?
10
Let j = -235 - 87. Let v = j - -222. Let g = v + 190. What is the highest common divisor of 36 and g?
18
Suppose 5*g - 6 = 3*g. Suppose 8*r - 60 = g*r. Calculate the highest common divisor of r and 48.
12
Let u = 1 - 1. Suppose -5*s + u*s + 20 = 0, 0 = -w - s + 16. Let x(k) = k**3 + 8*k**2 + 10*k + 6. Let i be x(-6). What is the highest common factor of w and i?
6
Suppose -k + 90 = 5*v, 0*v = -k - 3*v + 90. Let x(z) = 2*z**2 - 2*z - 2. Let m be x(-2). What is the greatest common factor of m and k?
10
Let p(q) = -q**3 + 9*q**2 - 2*q - 3. Suppose 20 = 3*h + 2*j - 12, 2*j - 48 = -5*h. Let d be p(h). Calculate the highest common factor of d and 5.
5
Suppose -21 = -a - 4. Let f(d) = -2*d + 2. Let q be f(2). Let t be 14*5 + q + 0. Calculate the greatest common divisor of a and t.
17
Let g be 10/25*(-15)/(-6). Let v = g + 12. Calculate the highest common divisor of v and 104.
13
Let g(i) = -2*i - 12. Suppose -5*h = 15 + 25. Let d be g(h). What is the highest common factor of 36 and d?
4
Let k(s) = -9*s - 35. Let a be k(-10). Calculate the highest common divisor of 11 and a.
11
Suppose -t + 5*n - 395 = -6*t, 0 = -3*n - 3. Suppose -t = -5*b + b. Let w = b - 11. What is the highest common factor of 9 and w?
9
Let p be 4 + -2 + 20 + 0. Let n be (9 - 13) + 1 + 14. What is the greatest common divisor of n and p?
11
Let a(n) = -n**3 + 8*n**2 - 5*n - 7. Let b be a(7). What is the highest common factor of b and 63?
7
Suppose 104 = 5*n - 3*n. What is the greatest common factor of 13 and n?
13
Let y be 15*(2/3)/2. Let a = -4 + y. Let p be a*1/1*9. Calculate the highest common divisor of 1 and p.
1
Suppose -32 + 2 = -5*y. Let n = -67 + 79. Calculate the greatest common divisor of n and y.
6
Let b = -140 + 168. Calculate the highest common divisor of b and 126.
14
Let a(y) = -2*y + 1. Suppose 4*q + 30 = 2*t, 2*q = q + 4*t - 4. Let f be q + (0/3)/(-3). Let x be a(f). Calculate the greatest common factor of 68 and x.
17
Let n(s) = -s**2 - 21*s + 9. Let i be n(-15). Calculate the greatest common factor of 33 and i.
33
Let i = 19 - 6. What is the greatest common divisor of 91 and i?
13
Let r(k) = 31*k - 3. Let i be r(3). Calculate the highest common divisor of 20 and i.
10
Let s = 4 + 7. Let q(d) = -d**2 - 5*d - 3. Let x be q(-4). What is the greatest common factor of s and x?
1
Suppose -77 + 365 = 16*m. What is the greatest common divisor of m and 342?
18
Let a = 1177 + -781. Calculate the highest common divisor of 36 and a.
36
Let c(q) = 10*q**2 - 3*q - 1. Let a be c(-5). What is the greatest common divisor of a and 33?
33
Let b = 4 - 1. Suppose 3*q + b*o - 2 = 1, -2*q = -3*o + 23. Let m be q*(-2 + 2/4). What is the highest common divisor of 3 and m?
3
Suppose 3*h + 3*u - 24 = 0, h = 4*u - 0 - 12. Suppose h*z - 21 - 11 = 0. Calculate the highest common factor of z and 80.
8
Let q = 25 + -7. Let v be 1*5 - (4 - 2). Suppose 2*j + v = 21. What is the highest common factor of q and j?
9
Suppose 0*d + 3*d - 6 = 0. Suppose 9 = s + d*t, 0*t = -4*s - 4*t + 48. Calculate the greatest common divisor of 165 and s.
15
Suppose 0 = -9*p + 799 + 281. Calculate the highest common factor of p and 24.
24
Let j = 15 - 10. What is the highest common factor of j and 15?
5
Suppose k - 12 = w - 4*w, -4*k + 62 = 5*w. Suppose -4*i = -k - 66. What is the greatest common factor of 7 and i?
7
Suppose -2*w + 5 = 2*j - 33, j + 9 = w. Let z(p) = -3*p + 38. Let o be z(8). What is the greatest common divisor of w and o?
14
Let g = 9 - -6. Let m = g + -12. Let x(z) = 2*z**2 - 1. Let u be x(-1). Calculate the greatest common factor of u and m.
1
Suppose 4*i + 8*p = 5*p + 1492, 0 = 4*i - 2*p - 1472. What is the highest common divisor of 10 and i?
10
Suppose -37 = 6*l - 367. What is the greatest common divisor of l and 11?
11
Suppose 84 = -2*c + 8*c. What is the highest common divisor of c and 238?
14
Let q be (11/2)/(2/(-100)). Let t = -177 - q. Calculate the greatest common divisor of 14 and t.
14
Suppose 0*s + 136 = -2*k + 3*s, 0 = k + 4*s + 46. Let t = k + 104. What is the greatest common divisor of t and 28?
14
Let m(x) = 8*x**2 + 2. Let o be m(2). Suppose -4*j = -v + 29, 5*v + 5*j = -0*j + 70. What is the greatest common divisor of v and o?
17
Suppose 0*y = 4*y + 60. Let u be (-3)/y + (-162)/(-15). Suppose f + 173 = 4*q, -q - 47 = -2*q - f. What is the greatest common factor of u and q?
11
Let n = -5 - -5. Let k(l) = -l**2 + 20. Let j be k(n). Calculate the greatest common divisor of 50 and j.
10
Suppose m + 28 - 98 = 0. Calculate the greatest common divisor of 14 and m.
14
Let w(j) = 8*j - 28. Let k be w(11). What is the greatest common divisor of k and 4?
4
Let z(s) = s**3 - 10*s**2 + 2. Let w be z(10). Let y be 0 + 19 + (w - 0). Calculate the greatest common divisor of 14 and y.
7
Let y be (-7)/(-21) - 1/3. Suppose y*r - 264 = -2*r. What is the highest common divisor of r and 12?
12
Let k(u) = u + 1. Let g be k(1). Suppose 3*n + 165 = 8*n - o, 0 = g*n + 3*o - 66. What is the highest common factor of 11 and n?
11
Suppose -2*m - 3*m = -140. What is the highest common factor of m and 14?
14
Let f = 16 - -7. What is the highest common divisor of 115 and f?
23
Let j(n) = -2*n**2 + 8*n + 13. Let x be j(5). What is the highest common factor of 27 and x?
3
Let u be (30/(-3))/(1 + 0). Let s = 20 + u. Calculate the greatest common divisor of 70 and s.
10
Suppose 40 = -2*f - 0*f. Let u = 30 + f. Calculate the highest common factor of 2 and u.
2
Let u(i) = 3*i**2 + i - 1. Let g be u(-2). Let h be (-2)/(-4) + (-2)/(-4). What is the highest common factor of h and g?
1
Let g be ((-10)/(-25))/(1/10). Let r be (-2 + 3 + (2 - 1))*4. Calculate the greatest common factor of r and g.
4
Let b be (-79)/(-7) + (156/42 - 4). What is the greatest common divisor of 77 and b?
11
Suppose -4*g + 8*g - 36 = 0. Let o be 0 - (1 + g/(-3)). Let s be 1 - 0 - (-1)/1. Calculate 